{"id":970,"date":"2025-06-13T12:39:06","date_gmt":"2025-06-13T15:39:06","guid":{"rendered":"https:\/\/budapesterfoundation.com\/?page_id=970"},"modified":"2025-07-22T03:09:45","modified_gmt":"2025-07-22T06:09:45","slug":"becas-otorgadas","status":"publish","type":"page","link":"https:\/\/budapesterfoundation.com\/index.php\/becas-otorgadas\/","title":{"rendered":"Becas Otorgadas"},"content":{"rendered":"\t\t<div data-elementor-type=\"wp-page\" data-elementor-id=\"970\" class=\"elementor elementor-970\" data-elementor-post-type=\"page\">\n\t\t\t\t\t\t<section class=\"elementor-section elementor-top-section elementor-element elementor-element-f31d4cd elementor-section-height-min-height elementor-section-boxed elementor-section-height-default elementor-section-items-middle\" data-id=\"f31d4cd\" data-element_type=\"section\" data-e-type=\"section\">\n\t\t\t\t\t\t<div class=\"elementor-container elementor-column-gap-default\">\n\t\t\t\t\t<div class=\"elementor-column elementor-col-100 elementor-top-column elementor-element elementor-element-eaad0a8\" data-id=\"eaad0a8\" data-element_type=\"column\" data-e-type=\"column\">\n\t\t\t<div class=\"elementor-widget-wrap elementor-element-populated\">\n\t\t\t\t\t\t<div class=\"elementor-element elementor-element-334b7ae elementor-invisible elementor-widget elementor-widget-heading\" data-id=\"334b7ae\" data-element_type=\"widget\" data-e-type=\"widget\" data-settings=\"{&quot;_animation&quot;:&quot;fadeIn&quot;}\" data-widget_type=\"heading.default\">\n\t\t\t\t<div class=\"elementor-widget-container\">\n\t\t\t\t\t<h2 class=\"elementor-heading-title elementor-size-default\">Becas Otorgadas<\/h2>\t\t\t\t<\/div>\n\t\t\t\t<\/div>\n\t\t\t\t<div class=\"elementor-element elementor-element-e7face8 elementor-widget__width-initial elementor-widget elementor-widget-text-editor\" data-id=\"e7face8\" data-element_type=\"widget\" data-e-type=\"widget\" data-widget_type=\"text-editor.default\">\n\t\t\t\t<div class=\"elementor-widget-container\">\n\t\t\t\t\t\t\t\t\t<ul><li>Iuliana-Erika Kopeczi \u2013 BSc Psychology 2025-2026<\/li><li><p>Ernestine Tarjanyi BSc Psychology 2025-2026<\/p><\/li><li><p>Janos Laszlo Torbagyi BSc Psychology 2025-2026<\/p><\/li><li><p>Gergely Ozsv\u00e1th BSc Psychology 2025-2026<\/p><\/li><li><p>Benedikta Abig\u00e9l Szil\u00e1gyi BSc Computer Science 2025-2026<\/p><\/li><\/ul>\t\t\t\t\t\t\t\t<\/div>\n\t\t\t\t<\/div>\n\t\t\t\t<div class=\"elementor-element elementor-element-64c3b7a elementor-align-left elementor-mobile-align-left elementor-widget elementor-widget-button\" data-id=\"64c3b7a\" data-element_type=\"widget\" data-e-type=\"widget\" data-widget_type=\"button.default\">\n\t\t\t\t<div class=\"elementor-widget-container\">\n\t\t\t\t\t\t\t\t\t<div class=\"elementor-button-wrapper\">\n\t\t\t\t\t<a class=\"elementor-button elementor-button-link elementor-size-xl\" href=\"\/index.php\/#becas\">\n\t\t\t\t\t\t<span class=\"elementor-button-content-wrapper\">\n\t\t\t\t\t\t\t\t\t<span class=\"elementor-button-text\">Volver<\/span>\n\t\t\t\t\t<\/span>\n\t\t\t\t\t<\/a>\n\t\t\t\t<\/div>\n\t\t\t\t\t\t\t\t<\/div>\n\t\t\t\t<\/div>\n\t\t\t\t\t<\/div>\n\t\t<\/div>\n\t\t\t\t\t<\/div>\n\t\t<\/section>\n\t\t\t\t<\/div>\n\t\t","protected":false},"excerpt":{"rendered":"<p>Becas Otorgadas Iuliana-Erika Kopeczi \u2013 BSc Psychology 2025-2026 Ernestine Tarjanyi BSc Psychology 2025-2026 Janos Laszlo Torbagyi BSc Psychology 2025-2026 Gergely Ozsv\u00e1th BSc Psychology 2025-2026 Benedikta Abig\u00e9l Szil\u00e1gyi BSc Computer Science 2025-2026 Volver<\/p>\n","protected":false},"author":1,"featured_media":0,"parent":0,"menu_order":0,"comment_status":"closed","ping_status":"closed","template":"","meta":{"footnotes":""},"class_list":["post-970","page","type-page","status-publish","hentry"],"_links":{"self":[{"href":"https:\/\/budapesterfoundation.com\/index.php\/wp-json\/wp\/v2\/pages\/970","targetHints":{"allow":["GET"]}}],"collection":[{"href":"https:\/\/budapesterfoundation.com\/index.php\/wp-json\/wp\/v2\/pages"}],"about":[{"href":"https:\/\/budapesterfoundation.com\/index.php\/wp-json\/wp\/v2\/types\/page"}],"author":[{"embeddable":true,"href":"https:\/\/budapesterfoundation.com\/index.php\/wp-json\/wp\/v2\/users\/1"}],"replies":[{"embeddable":true,"href":"https:\/\/budapesterfoundation.com\/index.php\/wp-json\/wp\/v2\/comments?post=970"}],"version-history":[{"count":37,"href":"https:\/\/budapesterfoundation.com\/index.php\/wp-json\/wp\/v2\/pages\/970\/revisions"}],"predecessor-version":[{"id":1033,"href":"https:\/\/budapesterfoundation.com\/index.php\/wp-json\/wp\/v2\/pages\/970\/revisions\/1033"}],"wp:attachment":[{"href":"https:\/\/budapesterfoundation.com\/index.php\/wp-json\/wp\/v2\/media?parent=970"}],"curies":[{"name":"wp","href":"https:\/\/api.w.org\/{rel}","templated":true}]}}